{"id":778,"date":"2021-12-23T08:27:11","date_gmt":"2021-12-23T08:27:11","guid":{"rendered":"http:\/\/mgv-grosslangheim.de\/?page_id=778"},"modified":"2023-07-06T04:34:57","modified_gmt":"2023-07-06T04:34:57","slug":"impuls","status":"publish","type":"page","link":"https:\/\/mgv-grosslangheim.de\/?page_id=778","title":{"rendered":"IMPULS"},"content":{"rendered":"\n<p>Es geht weiter, und wie&#8230; <\/p>\n\n\n\n<p>let\u00b4s go IMPULS 2 . 2023 &#8211; jetzt erst recht&#8230; <\/p>\n\n\n\n<p>am Sonntag, den 25.06.2023 war\u00b4s dann soweit, gest\u00e4rkt zur\u00fcck aus der Pandemie konnten wir Dank IMPULS unser 111 j\u00e4hriges Bestehen feiern. Die Basis bilden seit 111 Jahren die M\u00e4nner, der gemischte Chor LEGATO verbindet seit 2018 Jung und Alt, Mann und Frau. Die Zukunft sichert der Jugend- und Kinderchor. &#8230; So kanns weiter gehen. <\/p>\n\n\n\n<figure class=\"wp-block-image size-large\"><img loading=\"lazy\" decoding=\"async\" width=\"1024\" height=\"683\" src=\"https:\/\/mgv-grosslangheim.de\/wp-content\/uploads\/2023\/07\/DSC_9507-1024x683.jpg\" alt=\"\" class=\"wp-image-934\" srcset=\"https:\/\/mgv-grosslangheim.de\/wp-content\/uploads\/2023\/07\/DSC_9507-1024x683.jpg 1024w, https:\/\/mgv-grosslangheim.de\/wp-content\/uploads\/2023\/07\/DSC_9507-300x200.jpg 300w, https:\/\/mgv-grosslangheim.de\/wp-content\/uploads\/2023\/07\/DSC_9507-768x512.jpg 768w, https:\/\/mgv-grosslangheim.de\/wp-content\/uploads\/2023\/07\/DSC_9507-1536x1024.jpg 1536w, https:\/\/mgv-grosslangheim.de\/wp-content\/uploads\/2023\/07\/DSC_9507-2048x1365.jpg 2048w\" sizes=\"auto, (max-width: 1024px) 100vw, 1024px\" \/><\/figure>\n\n\n\n<p>Foto: Regina Sterk.<\/p>\n\n\n\n<p><\/p>\n\n\n\n<p>Sch\u00f6n, das es solche Ma\u00dfnahmen gibt, sch\u00f6n, dass die Laiench\u00f6re, gerade auf dem Land, nicht vergessen wurden. <\/p>\n\n\n\n<p>Link: <a rel=\"noreferrer noopener\" href=\"http:\/\/www.bundesmusikverband.de\" target=\"_blank\">http:\/\/www.bundesmusikverband.de<\/a><\/p>\n\n\n\n<hr class=\"wp-block-separator has-css-opacity\"\/>\n\n\n\n<figure class=\"wp-block-image size-large\"><img loading=\"lazy\" decoding=\"async\" width=\"1024\" height=\"180\" src=\"https:\/\/mgv-grosslangheim.de\/wp-content\/uploads\/2021\/12\/2021-07-15_IMPULS_Logoleiste_weisser-Hintergrund-1024x180.jpg\" alt=\"\" class=\"wp-image-785\" srcset=\"https:\/\/mgv-grosslangheim.de\/wp-content\/uploads\/2021\/12\/2021-07-15_IMPULS_Logoleiste_weisser-Hintergrund-1024x180.jpg 1024w, https:\/\/mgv-grosslangheim.de\/wp-content\/uploads\/2021\/12\/2021-07-15_IMPULS_Logoleiste_weisser-Hintergrund-300x53.jpg 300w, https:\/\/mgv-grosslangheim.de\/wp-content\/uploads\/2021\/12\/2021-07-15_IMPULS_Logoleiste_weisser-Hintergrund-768x135.jpg 768w, https:\/\/mgv-grosslangheim.de\/wp-content\/uploads\/2021\/12\/2021-07-15_IMPULS_Logoleiste_weisser-Hintergrund-1536x271.jpg 1536w, https:\/\/mgv-grosslangheim.de\/wp-content\/uploads\/2021\/12\/2021-07-15_IMPULS_Logoleiste_weisser-Hintergrund-2048x361.jpg 2048w\" sizes=\"auto, (max-width: 1024px) 100vw, 1024px\" \/><figcaption class=\"wp-element-caption\">unsere Helden f\u00fcr 2021 und wohl auch f\u00fcr 2022.<\/figcaption><\/figure>\n\n\n\n<hr class=\"wp-block-separator has-css-opacity\"\/>\n\n\n\n<p>Die ersten Tabletts wurden schon an die GROSSEN im Kinderchor verteilt&#8230;. coole M\u00e4dels&#8230; <\/p>\n\n\n\n<figure class=\"wp-block-image size-large\"><img loading=\"lazy\" decoding=\"async\" width=\"1024\" height=\"504\" src=\"https:\/\/mgv-grosslangheim.de\/wp-content\/uploads\/2021\/12\/IMG_3001-1024x504.jpg\" alt=\"\" class=\"wp-image-791\" srcset=\"https:\/\/mgv-grosslangheim.de\/wp-content\/uploads\/2021\/12\/IMG_3001-1024x504.jpg 1024w, https:\/\/mgv-grosslangheim.de\/wp-content\/uploads\/2021\/12\/IMG_3001-300x148.jpg 300w, https:\/\/mgv-grosslangheim.de\/wp-content\/uploads\/2021\/12\/IMG_3001-768x378.jpg 768w, https:\/\/mgv-grosslangheim.de\/wp-content\/uploads\/2021\/12\/IMG_3001-1536x756.jpg 1536w, https:\/\/mgv-grosslangheim.de\/wp-content\/uploads\/2021\/12\/IMG_3001-2048x1008.jpg 2048w\" sizes=\"auto, (max-width: 1024px) 100vw, 1024px\" \/><\/figure>\n\n\n\n<hr class=\"wp-block-separator has-css-opacity\"\/>\n\n\n\n<figure class=\"wp-block-image size-large\"><img loading=\"lazy\" decoding=\"async\" width=\"1024\" height=\"521\" src=\"https:\/\/mgv-grosslangheim.de\/wp-content\/uploads\/2021\/12\/Impuls-Logo-Beratungshotline1140x580-1024x521.jpg\" alt=\"\" class=\"wp-image-786\" srcset=\"https:\/\/mgv-grosslangheim.de\/wp-content\/uploads\/2021\/12\/Impuls-Logo-Beratungshotline1140x580-1024x521.jpg 1024w, https:\/\/mgv-grosslangheim.de\/wp-content\/uploads\/2021\/12\/Impuls-Logo-Beratungshotline1140x580-300x153.jpg 300w, https:\/\/mgv-grosslangheim.de\/wp-content\/uploads\/2021\/12\/Impuls-Logo-Beratungshotline1140x580-768x391.jpg 768w, https:\/\/mgv-grosslangheim.de\/wp-content\/uploads\/2021\/12\/Impuls-Logo-Beratungshotline1140x580.jpg 1140w\" sizes=\"auto, (max-width: 1024px) 100vw, 1024px\" \/><\/figure>\n","protected":false},"excerpt":{"rendered":"<p>Es geht weiter, und wie&#8230; let\u00b4s go IMPULS 2 . 2023 &#8211; jetzt erst recht&#8230; am Sonntag, den 25.06.2023 war\u00b4s dann soweit, gest\u00e4rkt zur\u00fcck aus der Pandemie konnten wir Dank IMPULS unser 111 j\u00e4hriges Bestehen feiern. Die Basis bilden seit 111 Jahren die M\u00e4nner, der gemischte Chor LEGATO verbindet seit 2018 Jung und Alt, Mann<\/p><\/div>\n<div class=\"blog-btn\"><a href=\"https:\/\/mgv-grosslangheim.de\/?page_id=778\" class=\"home-blog-btn\">Weiterlesen<\/a><\/p>\n","protected":false},"author":1,"featured_media":0,"parent":0,"menu_order":0,"comment_status":"closed","ping_status":"closed","template":"","meta":{"ngg_post_thumbnail":0,"footnotes":""},"class_list":["post-778","page","type-page","status-publish","hentry"],"_links":{"self":[{"href":"https:\/\/mgv-grosslangheim.de\/index.php?rest_route=\/wp\/v2\/pages\/778","targetHints":{"allow":["GET"]}}],"collection":[{"href":"https:\/\/mgv-grosslangheim.de\/index.php?rest_route=\/wp\/v2\/pages"}],"about":[{"href":"https:\/\/mgv-grosslangheim.de\/index.php?rest_route=\/wp\/v2\/types\/page"}],"author":[{"embeddable":true,"href":"https:\/\/mgv-grosslangheim.de\/index.php?rest_route=\/wp\/v2\/users\/1"}],"replies":[{"embeddable":true,"href":"https:\/\/mgv-grosslangheim.de\/index.php?rest_route=%2Fwp%2Fv2%2Fcomments&post=778"}],"version-history":[{"count":5,"href":"https:\/\/mgv-grosslangheim.de\/index.php?rest_route=\/wp\/v2\/pages\/778\/revisions"}],"predecessor-version":[{"id":935,"href":"https:\/\/mgv-grosslangheim.de\/index.php?rest_route=\/wp\/v2\/pages\/778\/revisions\/935"}],"wp:attachment":[{"href":"https:\/\/mgv-grosslangheim.de\/index.php?rest_route=%2Fwp%2Fv2%2Fmedia&parent=778"}],"curies":[{"name":"wp","href":"https:\/\/api.w.org\/{rel}","templated":true}]}}

<p>Es geht weiter, und wie&#8230; </p>



<p>let´s go IMPULS 2 . 2023 &#8211; jetzt erst recht&#8230; </p>



<p>am Sonntag, den 25.06.2023 war´s dann soweit, gestärkt zurück aus der Pandemie konnten wir Dank IMPULS unser 111 jähriges Bestehen feiern. Die Basis bilden seit 111 Jahren die Männer, der gemischte Chor LEGATO verbindet seit 2018 Jung und Alt, Mann und Frau. Die Zukunft sichert der Jugend- und Kinderchor. &#8230; So kanns weiter gehen. </p>



<figure class="wp-block-image size-large"><img loading="lazy" decoding="async" width="1024" height="683" src="https://mgv-grosslangheim.de/wp-content/uploads/2023/07/DSC_9507-1024x683.jpg" alt="" class="wp-image-934" srcset="https://mgv-grosslangheim.de/wp-content/uploads/2023/07/DSC_9507-1024x683.jpg 1024w, https://mgv-grosslangheim.de/wp-content/uploads/2023/07/DSC_9507-300x200.jpg 300w, https://mgv-grosslangheim.de/wp-content/uploads/2023/07/DSC_9507-768x512.jpg 768w, https://mgv-grosslangheim.de/wp-content/uploads/2023/07/DSC_9507-1536x1024.jpg 1536w, https://mgv-grosslangheim.de/wp-content/uploads/2023/07/DSC_9507-2048x1365.jpg 2048w" sizes="auto, (max-width: 1024px) 100vw, 1024px" /></figure>



<p>Foto: Regina Sterk.</p>



<p></p>



<p>Schön, das es solche Maßnahmen gibt, schön, dass die Laienchöre, gerade auf dem Land, nicht vergessen wurden. </p>



<p>Link: <a rel="noreferrer noopener" href="http://www.bundesmusikverband.de" target="_blank">http://www.bundesmusikverband.de</a></p>



<hr class="wp-block-separator has-css-opacity"/>



<figure class="wp-block-image size-large"><img loading="lazy" decoding="async" width="1024" height="180" src="https://mgv-grosslangheim.de/wp-content/uploads/2021/12/2021-07-15_IMPULS_Logoleiste_weisser-Hintergrund-1024x180.jpg" alt="" class="wp-image-785" srcset="https://mgv-grosslangheim.de/wp-content/uploads/2021/12/2021-07-15_IMPULS_Logoleiste_weisser-Hintergrund-1024x180.jpg 1024w, https://mgv-grosslangheim.de/wp-content/uploads/2021/12/2021-07-15_IMPULS_Logoleiste_weisser-Hintergrund-300x53.jpg 300w, https://mgv-grosslangheim.de/wp-content/uploads/2021/12/2021-07-15_IMPULS_Logoleiste_weisser-Hintergrund-768x135.jpg 768w, https://mgv-grosslangheim.de/wp-content/uploads/2021/12/2021-07-15_IMPULS_Logoleiste_weisser-Hintergrund-1536x271.jpg 1536w, https://mgv-grosslangheim.de/wp-content/uploads/2021/12/2021-07-15_IMPULS_Logoleiste_weisser-Hintergrund-2048x361.jpg 2048w" sizes="auto, (max-width: 1024px) 100vw, 1024px" /><figcaption class="wp-element-caption">unsere Helden für 2021 und wohl auch für 2022.</figcaption></figure>



<hr class="wp-block-separator has-css-opacity"/>



<p>Die ersten Tabletts wurden schon an die GROSSEN im Kinderchor verteilt&#8230;. coole Mädels&#8230; </p>



<figure class="wp-block-image size-large"><img loading="lazy" decoding="async" width="1024" height="504" src="https://mgv-grosslangheim.de/wp-content/uploads/2021/12/IMG_3001-1024x504.jpg" alt="" class="wp-image-791" srcset="https://mgv-grosslangheim.de/wp-content/uploads/2021/12/IMG_3001-1024x504.jpg 1024w, https://mgv-grosslangheim.de/wp-content/uploads/2021/12/IMG_3001-300x148.jpg 300w, https://mgv-grosslangheim.de/wp-content/uploads/2021/12/IMG_3001-768x378.jpg 768w, https://mgv-grosslangheim.de/wp-content/uploads/2021/12/IMG_3001-1536x756.jpg 1536w, https://mgv-grosslangheim.de/wp-content/uploads/2021/12/IMG_3001-2048x1008.jpg 2048w" sizes="auto, (max-width: 1024px) 100vw, 1024px" /></figure>



<hr class="wp-block-separator has-css-opacity"/>



<figure class="wp-block-image size-large"><img loading="lazy" decoding="async" width="1024" height="521" src="https://mgv-grosslangheim.de/wp-content/uploads/2021/12/Impuls-Logo-Beratungshotline1140x580-1024x521.jpg" alt="" class="wp-image-786" srcset="https://mgv-grosslangheim.de/wp-content/uploads/2021/12/Impuls-Logo-Beratungshotline1140x580-1024x521.jpg 1024w, https://mgv-grosslangheim.de/wp-content/uploads/2021/12/Impuls-Logo-Beratungshotline1140x580-300x153.jpg 300w, https://mgv-grosslangheim.de/wp-content/uploads/2021/12/Impuls-Logo-Beratungshotline1140x580-768x391.jpg 768w, https://mgv-grosslangheim.de/wp-content/uploads/2021/12/Impuls-Logo-Beratungshotline1140x580.jpg 1140w" sizes="auto, (max-width: 1024px) 100vw, 1024px" /></figure>

<p>Es geht weiter, und wie&#8230; let´s go IMPULS 2 . 2023 &#8211; jetzt erst recht&#8230; am Sonntag, den 25.06.2023 war´s dann soweit, gestärkt zurück aus der Pandemie konnten wir Dank IMPULS unser 111 jähriges Bestehen feiern. Die Basis bilden seit 111 Jahren die Männer, der gemischte Chor LEGATO verbindet seit 2018 Jung und Alt, Mann</p></div>
<div class="blog-btn"><a href="https://mgv-grosslangheim.de/?page_id=778" class="home-blog-btn">Weiterlesen</a></p>
