{"id":37,"date":"2019-12-17T19:02:05","date_gmt":"2019-12-17T19:02:05","guid":{"rendered":"http:\/\/mgv-grosslangheim.de\/?page_id=37"},"modified":"2026-04-08T17:31:46","modified_gmt":"2026-04-08T17:31:46","slug":"kontakt","status":"publish","type":"page","link":"https:\/\/mgv-grosslangheim.de\/?page_id=37","title":{"rendered":"Kontakt"},"content":{"rendered":"\n<p>Gesangverein S\u00e4ngerlust 1912 Gro\u00dflangheim e.V.<br>Thomas Sterk (1. Vorstand)<br>Kirchgasse 21<br>97320 Gro\u00dflangheim<br>E-Mail: <a href=\"mailto:vorstand@mgv-grosslangheim.de\">vorstand@mgv-grosslangheim.de<\/a><\/p>\n\n\n\n<p>Kinderchor, Dirigentin: Petra Sterk, M.: 0151 1700 9026<\/p>\n\n\n\n<p>Jugendchor, Dirigentin: Melina Kr\u00e4mer (M.: 0170 14 83 157)<\/p>\n\n\n\n<p>LEGATO, dirigiert, Rainer Kogelschatz: M.: 0179 544 366 8<\/p>\n\n\n\n<p>Die M\u00c4NNER, dirigiert, Michael Dwumoh, M.: 0178 93 72 413<\/p>\n\n\n\n<div data-wp-interactive=\"core\/file\" class=\"wp-block-file\"><object data-wp-bind--hidden=\"!state.hasPdfPreview\" hidden class=\"wp-block-file__embed\" data=\"https:\/\/mgv-grosslangheim.de\/wp-content\/uploads\/2024\/02\/Aufnahmeformular-Saengerlust-18Apr18.pdf\" type=\"application\/pdf\" style=\"width:100%;height:340px\" aria-label=\"Einbettung von Aufnahmeformular-Saengerlust-18Apr18.\"><\/object><a id=\"wp-block-file--media-6049d1ff-dd3a-4d2d-85ba-14cf96defb99\" href=\"https:\/\/mgv-grosslangheim.de\/wp-content\/uploads\/2024\/02\/Aufnahmeformular-Saengerlust-18Apr18.pdf\">Aufnahmeformular-Saengerlust-18Apr18<\/a><a href=\"https:\/\/mgv-grosslangheim.de\/wp-content\/uploads\/2024\/02\/Aufnahmeformular-Saengerlust-18Apr18.pdf\" class=\"wp-block-file__button wp-element-button\" download aria-describedby=\"wp-block-file--media-6049d1ff-dd3a-4d2d-85ba-14cf96defb99\">Herunterladen<\/a><\/div>\n\n\n\n<hr class=\"wp-block-separator has-css-opacity\"\/>\n\n\n\n<p>USt-IdNr.: DE123456<\/p>\n\n\n\n<p>Registergericht: Amtsgericht Kitzingen<br>Registernummer: VR599<\/p>\n\n\n\n<p>Vorst\u00e4nde: Thomas Sterk, Christian Baumann<\/p>\n\n\n\n<p><a href=\"https:\/\/www.ratgeberrecht.eu\/leistungen\/muster-impressum-generator.html\" target=\"_blank\" rel=\"noreferrer noopener\">Impressum-Generator<\/a> der <a href=\"https:\/\/www.ratgeberrecht.eu\/\" target=\"_blank\" rel=\"noreferrer noopener\">Anwaltskanzlei Wei\u00df &amp; Partner<\/a><\/p>\n","protected":false},"excerpt":{"rendered":"<p>Gesangverein S\u00e4ngerlust 1912 Gro\u00dflangheim e.V.Thomas Sterk (1. Vorstand)Kirchgasse 2197320 Gro\u00dflangheimE-Mail: vorstand@mgv-grosslangheim.de Kinderchor, Dirigentin: Petra Sterk, M.: 0151 1700 9026 Jugendchor, Dirigentin: Melina Kr\u00e4mer (M.: 0170 14 83 157) LEGATO, dirigiert, Rainer Kogelschatz: M.: 0179 544 366 8 Die M\u00c4NNER, dirigiert, Michael Dwumoh, M.: 0178 93 72 413 USt-IdNr.: DE123456 Registergericht: Amtsgericht KitzingenRegisternummer: VR599 Vorst\u00e4nde: Thomas<\/p><\/div>\n<div class=\"blog-btn\"><a href=\"https:\/\/mgv-grosslangheim.de\/?page_id=37\" class=\"home-blog-btn\">Weiterlesen<\/a><\/p>\n","protected":false},"author":1,"featured_media":0,"parent":0,"menu_order":0,"comment_status":"open","ping_status":"closed","template":"template\/template-contact.php","meta":{"ngg_post_thumbnail":0,"footnotes":""},"class_list":["post-37","page","type-page","status-publish","hentry"],"_links":{"self":[{"href":"https:\/\/mgv-grosslangheim.de\/index.php?rest_route=\/wp\/v2\/pages\/37","targetHints":{"allow":["GET"]}}],"collection":[{"href":"https:\/\/mgv-grosslangheim.de\/index.php?rest_route=\/wp\/v2\/pages"}],"about":[{"href":"https:\/\/mgv-grosslangheim.de\/index.php?rest_route=\/wp\/v2\/types\/page"}],"author":[{"embeddable":true,"href":"https:\/\/mgv-grosslangheim.de\/index.php?rest_route=\/wp\/v2\/users\/1"}],"replies":[{"embeddable":true,"href":"https:\/\/mgv-grosslangheim.de\/index.php?rest_route=%2Fwp%2Fv2%2Fcomments&post=37"}],"version-history":[{"count":27,"href":"https:\/\/mgv-grosslangheim.de\/index.php?rest_route=\/wp\/v2\/pages\/37\/revisions"}],"predecessor-version":[{"id":1140,"href":"https:\/\/mgv-grosslangheim.de\/index.php?rest_route=\/wp\/v2\/pages\/37\/revisions\/1140"}],"wp:attachment":[{"href":"https:\/\/mgv-grosslangheim.de\/index.php?rest_route=%2Fwp%2Fv2%2Fmedia&parent=37"}],"curies":[{"name":"wp","href":"https:\/\/api.w.org\/{rel}","templated":true}]}}